{"id":134,"date":"2022-05-30T11:33:22","date_gmt":"2022-05-30T11:33:22","guid":{"rendered":"https:\/\/transport-schaefer.de\/wordpress\/?page_id=134"},"modified":"2022-06-08T05:32:13","modified_gmt":"2022-06-08T05:32:13","slug":"kurier-und-sonderfahrten","status":"publish","type":"page","link":"https:\/\/transport-schaefer.de\/?page_id=134","title":{"rendered":"Kurier- und Sonderfahrten"},"content":{"rendered":"\n<p class=\"has-text-align-center has-ast-global-color-4-color has-ast-global-color-0-background-color has-text-color has-background has-medium-font-size\" style=\"line-height:1;letter-spacing:2px\">KURIER- UND SONDERFAHRTEN<\/p>\n\n\n\n<figure class=\"wp-block-image aligncenter size-full\"><img loading=\"lazy\" decoding=\"async\" width=\"300\" height=\"161\" src=\"https:\/\/transport-schaefer.de\/wp-content\/uploads\/2022\/06\/Kurierfahrten_blau-300x161-1.png\" alt=\"\" class=\"wp-image-551\"\/><\/figure>\n\n\n\n<h3 class=\"has-text-align-center has-ast-global-color-0-color has-text-color wp-block-heading\">Kurier- und Sonderfahrten:<br>Bundesweite Transporte<\/h3>\n\n\n\n<p style=\"line-height:1.4\">Manchmal muss es schnell gehen. Richtig schnell. Zum Beispiel dann, wenn eine Lieferung binnen kurzer Frist beim Kunden sein muss, sich aber in der Produktion oder Bereitstellung Probleme ergeben haben. In diesem Fall melden Sie sich einfach bei <strong>Transport &amp; Logistik W. Sch\u00e4fer<\/strong>: Wir wissen, dass es im Arbeitsleben immer anders kommen kann als geplant. Darum bieten wir auch kurzfristige Kurierdienste an. Unser Kurier holt die Fracht umgehend ab und bringt sie an ihr Ziel, sei es in H\u00fcrth, sei es irgendwo anders in Deutschland.<\/p>\n\n\n\n<div class=\"wp-block-columns is-layout-flex wp-container-core-columns-is-layout-28f84493 wp-block-columns-is-layout-flex\">\n<div class=\"wp-block-column has-background is-layout-flow wp-block-column-is-layout-flow\" style=\"background-color:#767b85;padding-top:25px;padding-right:25px;padding-bottom:25px;padding-left:25px\">\n<p class=\"has-text-align-center has-ast-global-color-4-color has-text-color has-medium-font-size\">Zuverl\u00e4ssiger und erfahrener Kurierservice aus H\u00fcrth<\/p>\n\n\n\n<p class=\"has-ast-global-color-4-color has-text-color\">Ob es sich um eine gro\u00dfe Fracht handelt oder lediglich um wichtige Papiere oder kleine Einzelteile, die so schnell wie m\u00f6glich ihren Adressaten erreichen m\u00fcssen \u2013 unser Service bei Transport &amp; Logistik W. Sch\u00e4fer ist in jedem Fall f\u00fcr Sie da. Kurze Fahrten innerhalb der Stadt \u00fcbernehmen wir ebenso wie Langstreckentransporte ans andere Ende der Republik. Wir haben vollstes Verst\u00e4ndnis daf\u00fcr, dass manche Situationen unvorhergesehen auftreten: Auch kurzfristig springen wir gern als Kuriere f\u00fcr Sie ein. Rufen Sie uns nur kurz an, dann sagen wir Ihnen sofort, ob und wie wir Ihnen helfen k\u00f6nnen.<\/p>\n<\/div>\n<\/div>\n\n\n\n<p style=\"font-size:8px\"><\/p>\n\n\n\n<h4 class=\"has-text-align-center has-ast-global-color-0-color has-text-color wp-block-heading\">Ihre Vorteile durch den Kurierdienst von Transport &amp; Logistik W. Sch\u00e4fer<\/h4>\n\n\n\n<div class=\"wp-block-columns is-layout-flex wp-container-core-columns-is-layout-28f84493 wp-block-columns-is-layout-flex\">\n<div class=\"wp-block-column is-layout-flow wp-block-column-is-layout-flow\" style=\"flex-basis:60%\">\n<p style=\"line-height:1.4\">Wir fragen nicht, wir handeln: Auf Anfrage erkl\u00e4ren wir Ihnen sofort, wie schnell wir Ihre Aufgabe \u00fcbernehmen und erledigen k\u00f6nnen.<br>WIR&#8230;<\/p>\n\n\n\n<ul class=\"has-ast-global-color-0-color has-text-color wp-block-list\" style=\"font-size:14px\"><li>\u2026geben unverz\u00fcglich Auskunft,<\/li><li>\u2026holen die Fracht binnen k\u00fcrzester Zeit ab,<\/li><li>\u2026nehmen ein Protokoll auf und \u00fcberpr\u00fcfen die Vollst\u00e4ndigkeit,<\/li><li>\u2026sichern die Fracht sorgf\u00e4ltig f\u00fcr den Transport,<\/li><li>\u2026sorgen per Express daf\u00fcr, dass sie m\u00f6glichst rasch ihr Ziel erreicht.<\/li><\/ul>\n<\/div>\n\n\n\n<div class=\"wp-block-column is-layout-flow wp-block-column-is-layout-flow\" style=\"flex-basis:33.33%\">\n<figure class=\"wp-block-image aligncenter size-full is-resized is-style-rounded\"><img loading=\"lazy\" decoding=\"async\" src=\"https:\/\/transport-schaefer.de\/wordpress\/wp-content\/uploads\/2022\/05\/kurierdienst.jpg\" alt=\"\" class=\"wp-image-142\" width=\"333\" height=\"222\" srcset=\"https:\/\/transport-schaefer.de\/wp-content\/uploads\/2022\/05\/kurierdienst.jpg 600w, https:\/\/transport-schaefer.de\/wp-content\/uploads\/2022\/05\/kurierdienst-300x200.jpg 300w\" sizes=\"auto, (max-width: 333px) 100vw, 333px\" \/><\/figure>\n<\/div>\n<\/div>\n\n\n\n<p style=\"font-size:8px\"><\/p>\n\n\n\n<div class=\"wp-block-columns is-layout-flex wp-container-core-columns-is-layout-28f84493 wp-block-columns-is-layout-flex\">\n<div class=\"wp-block-column is-layout-flow wp-block-column-is-layout-flow\">\n<p style=\"line-height:1.4\">Nichts ist \u00e4rgerlicher, als wenn Sie alle Hebel in Bewegung gesetzt haben und dann aufgrund widriger Umst\u00e4nde Liefertermine nicht einhalten k\u00f6nnen. Unsere exzellent ausgebildeten, souver\u00e4nen und sicheren Fahrer sorgen daf\u00fcr, dass es gar nicht erst dazu kommt.<\/p>\n<\/div>\n<\/div>\n\n\n\n<hr class=\"wp-block-separator alignwide has-text-color has-ast-global-color-0-color has-alpha-channel-opacity has-ast-global-color-0-background-color has-background is-style-wide\"\/>\n\n\n\n<p><\/p>\n\n\n\n<div class=\"wp-block-columns is-layout-flex wp-container-core-columns-is-layout-28f84493 wp-block-columns-is-layout-flex\">\n<div class=\"wp-block-column is-layout-flow wp-block-column-is-layout-flow\">\n<p style=\"line-height:1.4\">Sie ben\u00f6tigen einen zuverl\u00e4ssigen Kurier? Dann nehmen Sie Kontakt mit uns auf.<\/p>\n<\/div>\n\n\n\n<div class=\"wp-block-column is-layout-flow wp-block-column-is-layout-flow\">\n<div class=\"wp-block-buttons is-layout-flex wp-block-buttons-is-layout-flex\">\n<div class=\"wp-block-button has-custom-width wp-block-button__width-75 has-custom-font-size\" style=\"font-size:14px\"><a class=\"wp-block-button__link\" href=\"https:\/\/transport-schaefer.de\/wordpress\/?page_id=187\">Jetzt Kontakt aufnehmen<\/a><\/div>\n<\/div>\n<\/div>\n<\/div>\n","protected":false},"excerpt":{"rendered":"<p>KURIER- UND SONDERFAHRTEN Kurier- und Sonderfahrten:Bundesweite Transporte Manchmal muss es schnell gehen. Richtig schnell. Zum Beispiel dann, wenn eine Lieferung binnen kurzer Frist beim Kunden sein muss, sich aber in der Produktion oder Bereitstellung Probleme ergeben haben. In diesem Fall melden Sie sich einfach bei Transport &amp; Logistik W. Sch\u00e4fer: Wir wissen, dass es im [&hellip;]<\/p>\n","protected":false},"author":1,"featured_media":0,"parent":0,"menu_order":0,"comment_status":"closed","ping_status":"closed","template":"","meta":{"_uag_custom_page_level_css":"","site-sidebar-layout":"default","site-content-layout":"","ast-site-content-layout":"default","site-content-style":"default","site-sidebar-style":"default","ast-global-header-display":"","ast-banner-title-visibility":"","ast-main-header-display":"","ast-hfb-above-header-display":"","ast-hfb-below-header-display":"","ast-hfb-mobile-header-display":"","site-post-title":"disabled","ast-breadcrumbs-content":"","ast-featured-img":"","footer-sml-layout":"","ast-disable-related-posts":"","theme-transparent-header-meta":"","adv-header-id-meta":"","stick-header-meta":"","header-above-stick-meta":"","header-main-stick-meta":"","header-below-stick-meta":"","astra-migrate-meta-layouts":"default","ast-page-background-enabled":"default","ast-page-background-meta":{"desktop":{"background-color":"var(--ast-global-color-4)","background-image":"","background-repeat":"repeat","background-position":"center center","background-size":"auto","background-attachment":"scroll","background-type":"","background-media":"","overlay-type":"","overlay-color":"","overlay-opacity":"","overlay-gradient":""},"tablet":{"background-color":"","background-image":"","background-repeat":"repeat","background-position":"center center","background-size":"auto","background-attachment":"scroll","background-type":"","background-media":"","overlay-type":"","overlay-color":"","overlay-opacity":"","overlay-gradient":""},"mobile":{"background-color":"","background-image":"","background-repeat":"repeat","background-position":"center center","background-size":"auto","background-attachment":"scroll","background-type":"","background-media":"","overlay-type":"","overlay-color":"","overlay-opacity":"","overlay-gradient":""}},"ast-content-background-meta":{"desktop":{"background-color":"var(--ast-global-color-5)","background-image":"","background-repeat":"repeat","background-position":"center center","background-size":"auto","background-attachment":"scroll","background-type":"","background-media":"","overlay-type":"","overlay-color":"","overlay-opacity":"","overlay-gradient":""},"tablet":{"background-color":"var(--ast-global-color-5)","background-image":"","background-repeat":"repeat","background-position":"center center","background-size":"auto","background-attachment":"scroll","background-type":"","background-media":"","overlay-type":"","overlay-color":"","overlay-opacity":"","overlay-gradient":""},"mobile":{"background-color":"var(--ast-global-color-5)","background-image":"","background-repeat":"repeat","background-position":"center center","background-size":"auto","background-attachment":"scroll","background-type":"","background-media":"","overlay-type":"","overlay-color":"","overlay-opacity":"","overlay-gradient":""}},"footnotes":""},"class_list":["post-134","page","type-page","status-publish","hentry"],"yoast_head":"<!-- This site is optimized with the Yoast SEO plugin v27.4 - https:\/\/yoast.com\/product\/yoast-seo-wordpress\/ -->\n<title>Kurier- und Sonderfahrten - Transport-Sch\u00e4fer<\/title>\n<meta name=\"robots\" content=\"index, follow, max-snippet:-1, max-image-preview:large, max-video-preview:-1\" \/>\n<link rel=\"canonical\" href=\"https:\/\/transport-schaefer.de\/?page_id=134\" \/>\n<meta property=\"og:locale\" content=\"de_DE\" \/>\n<meta property=\"og:type\" content=\"article\" \/>\n<meta property=\"og:title\" content=\"Kurier- und Sonderfahrten - Transport-Sch\u00e4fer\" \/>\n<meta property=\"og:description\" content=\"KURIER- UND SONDERFAHRTEN Kurier- und Sonderfahrten:Bundesweite Transporte Manchmal muss es schnell gehen. Richtig schnell. Zum Beispiel dann, wenn eine Lieferung binnen kurzer Frist beim Kunden sein muss, sich aber in der Produktion oder Bereitstellung Probleme ergeben haben. In diesem Fall melden Sie sich einfach bei Transport &amp; Logistik W. Sch\u00e4fer: Wir wissen, dass es im [&hellip;]\" \/>\n<meta property=\"og:url\" content=\"https:\/\/transport-schaefer.de\/?page_id=134\" \/>\n<meta property=\"og:site_name\" content=\"Transport-Sch\u00e4fer\" \/>\n<meta property=\"article:modified_time\" content=\"2022-06-08T05:32:13+00:00\" \/>\n<meta property=\"og:image\" content=\"https:\/\/transport-schaefer.de\/wp-content\/uploads\/2022\/06\/Kurierfahrten_blau-300x161-1.png\" \/>\n<meta name=\"twitter:card\" content=\"summary_large_image\" \/>\n<meta name=\"twitter:label1\" content=\"Gesch\u00e4tzte Lesezeit\" \/>\n\t<meta name=\"twitter:data1\" content=\"2\u00a0Minuten\" \/>\n<script type=\"application\/ld+json\" class=\"yoast-schema-graph\">{\"@context\":\"https:\\\/\\\/schema.org\",\"@graph\":[{\"@type\":\"WebPage\",\"@id\":\"https:\\\/\\\/transport-schaefer.de\\\/?page_id=134\",\"url\":\"https:\\\/\\\/transport-schaefer.de\\\/?page_id=134\",\"name\":\"Kurier- und Sonderfahrten - Transport-Sch\u00e4fer\",\"isPartOf\":{\"@id\":\"https:\\\/\\\/transport-schaefer.de\\\/#website\"},\"primaryImageOfPage\":{\"@id\":\"https:\\\/\\\/transport-schaefer.de\\\/?page_id=134#primaryimage\"},\"image\":{\"@id\":\"https:\\\/\\\/transport-schaefer.de\\\/?page_id=134#primaryimage\"},\"thumbnailUrl\":\"https:\\\/\\\/transport-schaefer.de\\\/wp-content\\\/uploads\\\/2022\\\/06\\\/Kurierfahrten_blau-300x161-1.png\",\"datePublished\":\"2022-05-30T11:33:22+00:00\",\"dateModified\":\"2022-06-08T05:32:13+00:00\",\"breadcrumb\":{\"@id\":\"https:\\\/\\\/transport-schaefer.de\\\/?page_id=134#breadcrumb\"},\"inLanguage\":\"de\",\"potentialAction\":[{\"@type\":\"ReadAction\",\"target\":[\"https:\\\/\\\/transport-schaefer.de\\\/?page_id=134\"]}]},{\"@type\":\"ImageObject\",\"inLanguage\":\"de\",\"@id\":\"https:\\\/\\\/transport-schaefer.de\\\/?page_id=134#primaryimage\",\"url\":\"https:\\\/\\\/transport-schaefer.de\\\/wp-content\\\/uploads\\\/2022\\\/06\\\/Kurierfahrten_blau-300x161-1.png\",\"contentUrl\":\"https:\\\/\\\/transport-schaefer.de\\\/wp-content\\\/uploads\\\/2022\\\/06\\\/Kurierfahrten_blau-300x161-1.png\",\"width\":300,\"height\":161},{\"@type\":\"BreadcrumbList\",\"@id\":\"https:\\\/\\\/transport-schaefer.de\\\/?page_id=134#breadcrumb\",\"itemListElement\":[{\"@type\":\"ListItem\",\"position\":1,\"name\":\"Startseite\",\"item\":\"https:\\\/\\\/transport-schaefer.de\\\/\"},{\"@type\":\"ListItem\",\"position\":2,\"name\":\"Kurier- und Sonderfahrten\"}]},{\"@type\":\"WebSite\",\"@id\":\"https:\\\/\\\/transport-schaefer.de\\\/#website\",\"url\":\"https:\\\/\\\/transport-schaefer.de\\\/\",\"name\":\"Transport-Sch\u00e4fer\",\"description\":\"Just another WordPress site\",\"publisher\":{\"@id\":\"https:\\\/\\\/transport-schaefer.de\\\/#organization\"},\"potentialAction\":[{\"@type\":\"SearchAction\",\"target\":{\"@type\":\"EntryPoint\",\"urlTemplate\":\"https:\\\/\\\/transport-schaefer.de\\\/?s={search_term_string}\"},\"query-input\":{\"@type\":\"PropertyValueSpecification\",\"valueRequired\":true,\"valueName\":\"search_term_string\"}}],\"inLanguage\":\"de\"},{\"@type\":\"Organization\",\"@id\":\"https:\\\/\\\/transport-schaefer.de\\\/#organization\",\"name\":\"Transport-Sch\u00e4fer\",\"url\":\"https:\\\/\\\/transport-schaefer.de\\\/\",\"logo\":{\"@type\":\"ImageObject\",\"inLanguage\":\"de\",\"@id\":\"https:\\\/\\\/transport-schaefer.de\\\/#\\\/schema\\\/logo\\\/image\\\/\",\"url\":\"https:\\\/\\\/transport-schaefer.de\\\/wp-content\\\/uploads\\\/2022\\\/05\\\/Logo-Schaefer-1.png\",\"contentUrl\":\"https:\\\/\\\/transport-schaefer.de\\\/wp-content\\\/uploads\\\/2022\\\/05\\\/Logo-Schaefer-1.png\",\"width\":290,\"height\":75,\"caption\":\"Transport-Sch\u00e4fer\"},\"image\":{\"@id\":\"https:\\\/\\\/transport-schaefer.de\\\/#\\\/schema\\\/logo\\\/image\\\/\"}}]}<\/script>\n<!-- \/ Yoast SEO plugin. -->","yoast_head_json":{"title":"Kurier- und Sonderfahrten - Transport-Sch\u00e4fer","robots":{"index":"index","follow":"follow","max-snippet":"max-snippet:-1","max-image-preview":"max-image-preview:large","max-video-preview":"max-video-preview:-1"},"canonical":"https:\/\/transport-schaefer.de\/?page_id=134","og_locale":"de_DE","og_type":"article","og_title":"Kurier- und Sonderfahrten - Transport-Sch\u00e4fer","og_description":"KURIER- UND SONDERFAHRTEN Kurier- und Sonderfahrten:Bundesweite Transporte Manchmal muss es schnell gehen. Richtig schnell. Zum Beispiel dann, wenn eine Lieferung binnen kurzer Frist beim Kunden sein muss, sich aber in der Produktion oder Bereitstellung Probleme ergeben haben. In diesem Fall melden Sie sich einfach bei Transport &amp; Logistik W. Sch\u00e4fer: Wir wissen, dass es im [&hellip;]","og_url":"https:\/\/transport-schaefer.de\/?page_id=134","og_site_name":"Transport-Sch\u00e4fer","article_modified_time":"2022-06-08T05:32:13+00:00","og_image":[{"url":"https:\/\/transport-schaefer.de\/wp-content\/uploads\/2022\/06\/Kurierfahrten_blau-300x161-1.png","type":"","width":"","height":""}],"twitter_card":"summary_large_image","twitter_misc":{"Gesch\u00e4tzte Lesezeit":"2\u00a0Minuten"},"schema":{"@context":"https:\/\/schema.org","@graph":[{"@type":"WebPage","@id":"https:\/\/transport-schaefer.de\/?page_id=134","url":"https:\/\/transport-schaefer.de\/?page_id=134","name":"Kurier- und Sonderfahrten - Transport-Sch\u00e4fer","isPartOf":{"@id":"https:\/\/transport-schaefer.de\/#website"},"primaryImageOfPage":{"@id":"https:\/\/transport-schaefer.de\/?page_id=134#primaryimage"},"image":{"@id":"https:\/\/transport-schaefer.de\/?page_id=134#primaryimage"},"thumbnailUrl":"https:\/\/transport-schaefer.de\/wp-content\/uploads\/2022\/06\/Kurierfahrten_blau-300x161-1.png","datePublished":"2022-05-30T11:33:22+00:00","dateModified":"2022-06-08T05:32:13+00:00","breadcrumb":{"@id":"https:\/\/transport-schaefer.de\/?page_id=134#breadcrumb"},"inLanguage":"de","potentialAction":[{"@type":"ReadAction","target":["https:\/\/transport-schaefer.de\/?page_id=134"]}]},{"@type":"ImageObject","inLanguage":"de","@id":"https:\/\/transport-schaefer.de\/?page_id=134#primaryimage","url":"https:\/\/transport-schaefer.de\/wp-content\/uploads\/2022\/06\/Kurierfahrten_blau-300x161-1.png","contentUrl":"https:\/\/transport-schaefer.de\/wp-content\/uploads\/2022\/06\/Kurierfahrten_blau-300x161-1.png","width":300,"height":161},{"@type":"BreadcrumbList","@id":"https:\/\/transport-schaefer.de\/?page_id=134#breadcrumb","itemListElement":[{"@type":"ListItem","position":1,"name":"Startseite","item":"https:\/\/transport-schaefer.de\/"},{"@type":"ListItem","position":2,"name":"Kurier- und Sonderfahrten"}]},{"@type":"WebSite","@id":"https:\/\/transport-schaefer.de\/#website","url":"https:\/\/transport-schaefer.de\/","name":"Transport-Sch\u00e4fer","description":"Just another WordPress site","publisher":{"@id":"https:\/\/transport-schaefer.de\/#organization"},"potentialAction":[{"@type":"SearchAction","target":{"@type":"EntryPoint","urlTemplate":"https:\/\/transport-schaefer.de\/?s={search_term_string}"},"query-input":{"@type":"PropertyValueSpecification","valueRequired":true,"valueName":"search_term_string"}}],"inLanguage":"de"},{"@type":"Organization","@id":"https:\/\/transport-schaefer.de\/#organization","name":"Transport-Sch\u00e4fer","url":"https:\/\/transport-schaefer.de\/","logo":{"@type":"ImageObject","inLanguage":"de","@id":"https:\/\/transport-schaefer.de\/#\/schema\/logo\/image\/","url":"https:\/\/transport-schaefer.de\/wp-content\/uploads\/2022\/05\/Logo-Schaefer-1.png","contentUrl":"https:\/\/transport-schaefer.de\/wp-content\/uploads\/2022\/05\/Logo-Schaefer-1.png","width":290,"height":75,"caption":"Transport-Sch\u00e4fer"},"image":{"@id":"https:\/\/transport-schaefer.de\/#\/schema\/logo\/image\/"}}]}},"uagb_featured_image_src":{"full":false,"thumbnail":false,"medium":false,"medium_large":false,"large":false,"1536x1536":false,"2048x2048":false},"uagb_author_info":{"display_name":"admin","author_link":"https:\/\/transport-schaefer.de\/?author=1"},"uagb_comment_info":0,"uagb_excerpt":"KURIER- UND SONDERFAHRTEN Kurier- und Sonderfahrten:Bundesweite Transporte Manchmal muss es schnell gehen. Richtig schnell. Zum Beispiel dann, wenn eine Lieferung binnen kurzer Frist beim Kunden sein muss, sich aber in der Produktion oder Bereitstellung Probleme ergeben haben. In diesem Fall melden Sie sich einfach bei Transport &amp; Logistik W. Sch\u00e4fer: Wir wissen, dass es im&hellip;","_links":{"self":[{"href":"https:\/\/transport-schaefer.de\/index.php?rest_route=\/wp\/v2\/pages\/134","targetHints":{"allow":["GET"]}}],"collection":[{"href":"https:\/\/transport-schaefer.de\/index.php?rest_route=\/wp\/v2\/pages"}],"about":[{"href":"https:\/\/transport-schaefer.de\/index.php?rest_route=\/wp\/v2\/types\/page"}],"author":[{"embeddable":true,"href":"https:\/\/transport-schaefer.de\/index.php?rest_route=\/wp\/v2\/users\/1"}],"replies":[{"embeddable":true,"href":"https:\/\/transport-schaefer.de\/index.php?rest_route=%2Fwp%2Fv2%2Fcomments&post=134"}],"version-history":[{"count":24,"href":"https:\/\/transport-schaefer.de\/index.php?rest_route=\/wp\/v2\/pages\/134\/revisions"}],"predecessor-version":[{"id":552,"href":"https:\/\/transport-schaefer.de\/index.php?rest_route=\/wp\/v2\/pages\/134\/revisions\/552"}],"wp:attachment":[{"href":"https:\/\/transport-schaefer.de\/index.php?rest_route=%2Fwp%2Fv2%2Fmedia&parent=134"}],"curies":[{"name":"wp","href":"https:\/\/api.w.org\/{rel}","templated":true}]}}