{"id":55,"date":"2022-05-30T11:12:53","date_gmt":"2022-05-30T11:12:53","guid":{"rendered":"https:\/\/transport-schaefer.de\/wordpress\/?page_id=55"},"modified":"2022-06-08T06:37:27","modified_gmt":"2022-06-08T06:37:27","slug":"ueber-uns","status":"publish","type":"page","link":"https:\/\/transport-schaefer.de\/?page_id=55","title":{"rendered":"\u00fcber uns"},"content":{"rendered":"\n<figure class=\"wp-block-image alignwide size-full\"><img loading=\"lazy\" decoding=\"async\" width=\"1024\" height=\"213\" src=\"https:\/\/transport-schaefer.de\/wp-content\/uploads\/2022\/06\/slider_01-03-1-1024x213-1.jpg\" alt=\"\" class=\"wp-image-571\" srcset=\"https:\/\/transport-schaefer.de\/wp-content\/uploads\/2022\/06\/slider_01-03-1-1024x213-1.jpg 1024w, https:\/\/transport-schaefer.de\/wp-content\/uploads\/2022\/06\/slider_01-03-1-1024x213-1-300x62.jpg 300w, https:\/\/transport-schaefer.de\/wp-content\/uploads\/2022\/06\/slider_01-03-1-1024x213-1-768x160.jpg 768w\" sizes=\"auto, (max-width: 1024px) 100vw, 1024px\" \/><\/figure>\n\n\n\n<h2 class=\"has-text-align-center has-ast-global-color-0-color has-text-color wp-block-heading\">Erfahrener Transportbetrieb ist bundesweit t\u00e4tig<\/h2>\n\n\n\n<p style=\"line-height:1.4\">Transport &amp; Logistik W. Sch\u00e4fer aus H\u00fcrth steht f\u00fcr Erfahrung, Flexibilit\u00e4t und hohe Qualit\u00e4t. Wir sind Ihr starker Partner f\u00fcr Transporte und Logistik-Auftr\u00e4ge aller Art. Seit mehr als sieben Jahren vertrauen Kunden aus ganz Deutschland auf unsere Dienste.<\/p>\n\n\n\n<p class=\"has-text-align-center has-ast-global-color-4-color has-ast-global-color-0-background-color has-text-color has-background has-medium-font-size\" style=\"line-height:1;letter-spacing:2px\">TRANSPORT &amp; LOGISTIK MIT QUALIT\u00c4TSANSPRUCH<\/p>\n\n\n\n<p style=\"line-height:1.4\">Das Unternehmen wurde im Mai 2010 von Wolfgang Sch\u00e4fer gegr\u00fcndet und ist seitdem stetig gewachsen. Neben einem Stamm von festangestellten Mitarbeitern bildet das Unternehmen als Ausbildungsbetrieb auch Azubis im kaufm\u00e4nnischen Bereich oder G\u00fcterverkehr (z. B. als Berufskraftfahrer) aus. Bei Bedarf wird unser Team durch weitere hochqualifizierte Aushilfskr\u00e4fte erg\u00e4nzt.<br>Wolfgang Sch\u00e4fer ist nicht nur Ausbildereignungspr\u00fcfer, sondern auch Abfallbeauftragter und IHK-gepr\u00fcfter G\u00fcterkraftverkehrsunternehmer.<\/p>\n\n\n\n<hr class=\"wp-block-separator alignwide has-text-color has-ast-global-color-0-color has-alpha-channel-opacity has-ast-global-color-0-background-color has-background is-style-wide\"\/>\n\n\n\n<p><\/p>\n\n\n\n<div class=\"wp-block-columns is-layout-flex wp-container-core-columns-is-layout-28f84493 wp-block-columns-is-layout-flex\">\n<div class=\"wp-block-column is-layout-flow wp-block-column-is-layout-flow\">\n<p class=\"has-text-align-center has-ast-global-color-0-color has-text-color\">Wir unterbreiten Ihnen gerne ein &#8211; INDIVIDUELLES ANGEBOT.<\/p>\n<\/div>\n\n\n\n<div class=\"wp-block-column is-layout-flow wp-block-column-is-layout-flow\">\n<div class=\"wp-block-buttons is-content-justification-left is-layout-flex wp-container-core-buttons-is-layout-fc4fd283 wp-block-buttons-is-layout-flex\">\n<div class=\"wp-block-button has-custom-width wp-block-button__width-50 has-custom-font-size\" style=\"font-size:14px\"><a class=\"wp-block-button__link\" href=\"https:\/\/transport-schaefer.de\/wordpress\/?page_id=187\">Kontaktieren Sie uns<\/a><\/div>\n<\/div>\n<\/div>\n<\/div>\n","protected":false},"excerpt":{"rendered":"<p>Erfahrener Transportbetrieb ist bundesweit t\u00e4tig Transport &amp; Logistik W. Sch\u00e4fer aus H\u00fcrth steht f\u00fcr Erfahrung, Flexibilit\u00e4t und hohe Qualit\u00e4t. Wir sind Ihr starker Partner f\u00fcr Transporte und Logistik-Auftr\u00e4ge aller Art. Seit mehr als sieben Jahren vertrauen Kunden aus ganz Deutschland auf unsere Dienste. TRANSPORT &amp; LOGISTIK MIT QUALIT\u00c4TSANSPRUCH Das Unternehmen wurde im Mai 2010 von [&hellip;]<\/p>\n","protected":false},"author":1,"featured_media":0,"parent":0,"menu_order":0,"comment_status":"closed","ping_status":"closed","template":"","meta":{"_uag_custom_page_level_css":"","site-sidebar-layout":"default","site-content-layout":"","ast-site-content-layout":"default","site-content-style":"default","site-sidebar-style":"default","ast-global-header-display":"","ast-banner-title-visibility":"","ast-main-header-display":"","ast-hfb-above-header-display":"","ast-hfb-below-header-display":"","ast-hfb-mobile-header-display":"","site-post-title":"disabled","ast-breadcrumbs-content":"","ast-featured-img":"","footer-sml-layout":"","ast-disable-related-posts":"","theme-transparent-header-meta":"","adv-header-id-meta":"","stick-header-meta":"","header-above-stick-meta":"","header-main-stick-meta":"","header-below-stick-meta":"","astra-migrate-meta-layouts":"default","ast-page-background-enabled":"default","ast-page-background-meta":{"desktop":{"background-color":"var(--ast-global-color-4)","background-image":"","background-repeat":"repeat","background-position":"center center","background-size":"auto","background-attachment":"scroll","background-type":"","background-media":"","overlay-type":"","overlay-color":"","overlay-opacity":"","overlay-gradient":""},"tablet":{"background-color":"","background-image":"","background-repeat":"repeat","background-position":"center center","background-size":"auto","background-attachment":"scroll","background-type":"","background-media":"","overlay-type":"","overlay-color":"","overlay-opacity":"","overlay-gradient":""},"mobile":{"background-color":"","background-image":"","background-repeat":"repeat","background-position":"center center","background-size":"auto","background-attachment":"scroll","background-type":"","background-media":"","overlay-type":"","overlay-color":"","overlay-opacity":"","overlay-gradient":""}},"ast-content-background-meta":{"desktop":{"background-color":"var(--ast-global-color-5)","background-image":"","background-repeat":"repeat","background-position":"center center","background-size":"auto","background-attachment":"scroll","background-type":"","background-media":"","overlay-type":"","overlay-color":"","overlay-opacity":"","overlay-gradient":""},"tablet":{"background-color":"var(--ast-global-color-5)","background-image":"","background-repeat":"repeat","background-position":"center center","background-size":"auto","background-attachment":"scroll","background-type":"","background-media":"","overlay-type":"","overlay-color":"","overlay-opacity":"","overlay-gradient":""},"mobile":{"background-color":"var(--ast-global-color-5)","background-image":"","background-repeat":"repeat","background-position":"center center","background-size":"auto","background-attachment":"scroll","background-type":"","background-media":"","overlay-type":"","overlay-color":"","overlay-opacity":"","overlay-gradient":""}},"footnotes":""},"class_list":["post-55","page","type-page","status-publish","hentry"],"yoast_head":"<!-- This site is optimized with the Yoast SEO plugin v27.4 - https:\/\/yoast.com\/product\/yoast-seo-wordpress\/ -->\n<title>\u00fcber uns - Transport-Sch\u00e4fer<\/title>\n<meta name=\"robots\" content=\"index, follow, max-snippet:-1, max-image-preview:large, max-video-preview:-1\" \/>\n<link rel=\"canonical\" href=\"https:\/\/transport-schaefer.de\/?page_id=55\" \/>\n<meta property=\"og:locale\" content=\"de_DE\" \/>\n<meta property=\"og:type\" content=\"article\" \/>\n<meta property=\"og:title\" content=\"\u00fcber uns - Transport-Sch\u00e4fer\" \/>\n<meta property=\"og:description\" content=\"Erfahrener Transportbetrieb ist bundesweit t\u00e4tig Transport &amp; Logistik W. Sch\u00e4fer aus H\u00fcrth steht f\u00fcr Erfahrung, Flexibilit\u00e4t und hohe Qualit\u00e4t. Wir sind Ihr starker Partner f\u00fcr Transporte und Logistik-Auftr\u00e4ge aller Art. Seit mehr als sieben Jahren vertrauen Kunden aus ganz Deutschland auf unsere Dienste. TRANSPORT &amp; LOGISTIK MIT QUALIT\u00c4TSANSPRUCH Das Unternehmen wurde im Mai 2010 von [&hellip;]\" \/>\n<meta property=\"og:url\" content=\"https:\/\/transport-schaefer.de\/?page_id=55\" \/>\n<meta property=\"og:site_name\" content=\"Transport-Sch\u00e4fer\" \/>\n<meta property=\"article:modified_time\" content=\"2022-06-08T06:37:27+00:00\" \/>\n<meta property=\"og:image\" content=\"https:\/\/transport-schaefer.de\/wp-content\/uploads\/2022\/06\/slider_01-03-1-1024x213-1.jpg\" \/>\n<meta name=\"twitter:card\" content=\"summary_large_image\" \/>\n<meta name=\"twitter:label1\" content=\"Gesch\u00e4tzte Lesezeit\" \/>\n\t<meta name=\"twitter:data1\" content=\"1\u00a0Minute\" \/>\n<script type=\"application\/ld+json\" class=\"yoast-schema-graph\">{\"@context\":\"https:\\\/\\\/schema.org\",\"@graph\":[{\"@type\":\"WebPage\",\"@id\":\"https:\\\/\\\/transport-schaefer.de\\\/?page_id=55\",\"url\":\"https:\\\/\\\/transport-schaefer.de\\\/?page_id=55\",\"name\":\"\u00fcber uns - Transport-Sch\u00e4fer\",\"isPartOf\":{\"@id\":\"https:\\\/\\\/transport-schaefer.de\\\/#website\"},\"primaryImageOfPage\":{\"@id\":\"https:\\\/\\\/transport-schaefer.de\\\/?page_id=55#primaryimage\"},\"image\":{\"@id\":\"https:\\\/\\\/transport-schaefer.de\\\/?page_id=55#primaryimage\"},\"thumbnailUrl\":\"https:\\\/\\\/transport-schaefer.de\\\/wp-content\\\/uploads\\\/2022\\\/06\\\/slider_01-03-1-1024x213-1.jpg\",\"datePublished\":\"2022-05-30T11:12:53+00:00\",\"dateModified\":\"2022-06-08T06:37:27+00:00\",\"breadcrumb\":{\"@id\":\"https:\\\/\\\/transport-schaefer.de\\\/?page_id=55#breadcrumb\"},\"inLanguage\":\"de\",\"potentialAction\":[{\"@type\":\"ReadAction\",\"target\":[\"https:\\\/\\\/transport-schaefer.de\\\/?page_id=55\"]}]},{\"@type\":\"ImageObject\",\"inLanguage\":\"de\",\"@id\":\"https:\\\/\\\/transport-schaefer.de\\\/?page_id=55#primaryimage\",\"url\":\"https:\\\/\\\/transport-schaefer.de\\\/wp-content\\\/uploads\\\/2022\\\/06\\\/slider_01-03-1-1024x213-1.jpg\",\"contentUrl\":\"https:\\\/\\\/transport-schaefer.de\\\/wp-content\\\/uploads\\\/2022\\\/06\\\/slider_01-03-1-1024x213-1.jpg\",\"width\":1024,\"height\":213},{\"@type\":\"BreadcrumbList\",\"@id\":\"https:\\\/\\\/transport-schaefer.de\\\/?page_id=55#breadcrumb\",\"itemListElement\":[{\"@type\":\"ListItem\",\"position\":1,\"name\":\"Startseite\",\"item\":\"https:\\\/\\\/transport-schaefer.de\\\/\"},{\"@type\":\"ListItem\",\"position\":2,\"name\":\"\u00fcber uns\"}]},{\"@type\":\"WebSite\",\"@id\":\"https:\\\/\\\/transport-schaefer.de\\\/#website\",\"url\":\"https:\\\/\\\/transport-schaefer.de\\\/\",\"name\":\"Transport-Sch\u00e4fer\",\"description\":\"Just another WordPress site\",\"publisher\":{\"@id\":\"https:\\\/\\\/transport-schaefer.de\\\/#organization\"},\"potentialAction\":[{\"@type\":\"SearchAction\",\"target\":{\"@type\":\"EntryPoint\",\"urlTemplate\":\"https:\\\/\\\/transport-schaefer.de\\\/?s={search_term_string}\"},\"query-input\":{\"@type\":\"PropertyValueSpecification\",\"valueRequired\":true,\"valueName\":\"search_term_string\"}}],\"inLanguage\":\"de\"},{\"@type\":\"Organization\",\"@id\":\"https:\\\/\\\/transport-schaefer.de\\\/#organization\",\"name\":\"Transport-Sch\u00e4fer\",\"url\":\"https:\\\/\\\/transport-schaefer.de\\\/\",\"logo\":{\"@type\":\"ImageObject\",\"inLanguage\":\"de\",\"@id\":\"https:\\\/\\\/transport-schaefer.de\\\/#\\\/schema\\\/logo\\\/image\\\/\",\"url\":\"https:\\\/\\\/transport-schaefer.de\\\/wp-content\\\/uploads\\\/2022\\\/05\\\/Logo-Schaefer-1.png\",\"contentUrl\":\"https:\\\/\\\/transport-schaefer.de\\\/wp-content\\\/uploads\\\/2022\\\/05\\\/Logo-Schaefer-1.png\",\"width\":290,\"height\":75,\"caption\":\"Transport-Sch\u00e4fer\"},\"image\":{\"@id\":\"https:\\\/\\\/transport-schaefer.de\\\/#\\\/schema\\\/logo\\\/image\\\/\"}}]}<\/script>\n<!-- \/ Yoast SEO plugin. -->","yoast_head_json":{"title":"\u00fcber uns - Transport-Sch\u00e4fer","robots":{"index":"index","follow":"follow","max-snippet":"max-snippet:-1","max-image-preview":"max-image-preview:large","max-video-preview":"max-video-preview:-1"},"canonical":"https:\/\/transport-schaefer.de\/?page_id=55","og_locale":"de_DE","og_type":"article","og_title":"\u00fcber uns - Transport-Sch\u00e4fer","og_description":"Erfahrener Transportbetrieb ist bundesweit t\u00e4tig Transport &amp; Logistik W. Sch\u00e4fer aus H\u00fcrth steht f\u00fcr Erfahrung, Flexibilit\u00e4t und hohe Qualit\u00e4t. Wir sind Ihr starker Partner f\u00fcr Transporte und Logistik-Auftr\u00e4ge aller Art. Seit mehr als sieben Jahren vertrauen Kunden aus ganz Deutschland auf unsere Dienste. TRANSPORT &amp; LOGISTIK MIT QUALIT\u00c4TSANSPRUCH Das Unternehmen wurde im Mai 2010 von [&hellip;]","og_url":"https:\/\/transport-schaefer.de\/?page_id=55","og_site_name":"Transport-Sch\u00e4fer","article_modified_time":"2022-06-08T06:37:27+00:00","og_image":[{"url":"https:\/\/transport-schaefer.de\/wp-content\/uploads\/2022\/06\/slider_01-03-1-1024x213-1.jpg","type":"","width":"","height":""}],"twitter_card":"summary_large_image","twitter_misc":{"Gesch\u00e4tzte Lesezeit":"1\u00a0Minute"},"schema":{"@context":"https:\/\/schema.org","@graph":[{"@type":"WebPage","@id":"https:\/\/transport-schaefer.de\/?page_id=55","url":"https:\/\/transport-schaefer.de\/?page_id=55","name":"\u00fcber uns - Transport-Sch\u00e4fer","isPartOf":{"@id":"https:\/\/transport-schaefer.de\/#website"},"primaryImageOfPage":{"@id":"https:\/\/transport-schaefer.de\/?page_id=55#primaryimage"},"image":{"@id":"https:\/\/transport-schaefer.de\/?page_id=55#primaryimage"},"thumbnailUrl":"https:\/\/transport-schaefer.de\/wp-content\/uploads\/2022\/06\/slider_01-03-1-1024x213-1.jpg","datePublished":"2022-05-30T11:12:53+00:00","dateModified":"2022-06-08T06:37:27+00:00","breadcrumb":{"@id":"https:\/\/transport-schaefer.de\/?page_id=55#breadcrumb"},"inLanguage":"de","potentialAction":[{"@type":"ReadAction","target":["https:\/\/transport-schaefer.de\/?page_id=55"]}]},{"@type":"ImageObject","inLanguage":"de","@id":"https:\/\/transport-schaefer.de\/?page_id=55#primaryimage","url":"https:\/\/transport-schaefer.de\/wp-content\/uploads\/2022\/06\/slider_01-03-1-1024x213-1.jpg","contentUrl":"https:\/\/transport-schaefer.de\/wp-content\/uploads\/2022\/06\/slider_01-03-1-1024x213-1.jpg","width":1024,"height":213},{"@type":"BreadcrumbList","@id":"https:\/\/transport-schaefer.de\/?page_id=55#breadcrumb","itemListElement":[{"@type":"ListItem","position":1,"name":"Startseite","item":"https:\/\/transport-schaefer.de\/"},{"@type":"ListItem","position":2,"name":"\u00fcber uns"}]},{"@type":"WebSite","@id":"https:\/\/transport-schaefer.de\/#website","url":"https:\/\/transport-schaefer.de\/","name":"Transport-Sch\u00e4fer","description":"Just another WordPress site","publisher":{"@id":"https:\/\/transport-schaefer.de\/#organization"},"potentialAction":[{"@type":"SearchAction","target":{"@type":"EntryPoint","urlTemplate":"https:\/\/transport-schaefer.de\/?s={search_term_string}"},"query-input":{"@type":"PropertyValueSpecification","valueRequired":true,"valueName":"search_term_string"}}],"inLanguage":"de"},{"@type":"Organization","@id":"https:\/\/transport-schaefer.de\/#organization","name":"Transport-Sch\u00e4fer","url":"https:\/\/transport-schaefer.de\/","logo":{"@type":"ImageObject","inLanguage":"de","@id":"https:\/\/transport-schaefer.de\/#\/schema\/logo\/image\/","url":"https:\/\/transport-schaefer.de\/wp-content\/uploads\/2022\/05\/Logo-Schaefer-1.png","contentUrl":"https:\/\/transport-schaefer.de\/wp-content\/uploads\/2022\/05\/Logo-Schaefer-1.png","width":290,"height":75,"caption":"Transport-Sch\u00e4fer"},"image":{"@id":"https:\/\/transport-schaefer.de\/#\/schema\/logo\/image\/"}}]}},"uagb_featured_image_src":{"full":false,"thumbnail":false,"medium":false,"medium_large":false,"large":false,"1536x1536":false,"2048x2048":false},"uagb_author_info":{"display_name":"admin","author_link":"https:\/\/transport-schaefer.de\/?author=1"},"uagb_comment_info":0,"uagb_excerpt":"Erfahrener Transportbetrieb ist bundesweit t\u00e4tig Transport &amp; Logistik W. Sch\u00e4fer aus H\u00fcrth steht f\u00fcr Erfahrung, Flexibilit\u00e4t und hohe Qualit\u00e4t. Wir sind Ihr starker Partner f\u00fcr Transporte und Logistik-Auftr\u00e4ge aller Art. Seit mehr als sieben Jahren vertrauen Kunden aus ganz Deutschland auf unsere Dienste. TRANSPORT &amp; LOGISTIK MIT QUALIT\u00c4TSANSPRUCH Das Unternehmen wurde im Mai 2010 von&hellip;","_links":{"self":[{"href":"https:\/\/transport-schaefer.de\/index.php?rest_route=\/wp\/v2\/pages\/55","targetHints":{"allow":["GET"]}}],"collection":[{"href":"https:\/\/transport-schaefer.de\/index.php?rest_route=\/wp\/v2\/pages"}],"about":[{"href":"https:\/\/transport-schaefer.de\/index.php?rest_route=\/wp\/v2\/types\/page"}],"author":[{"embeddable":true,"href":"https:\/\/transport-schaefer.de\/index.php?rest_route=\/wp\/v2\/users\/1"}],"replies":[{"embeddable":true,"href":"https:\/\/transport-schaefer.de\/index.php?rest_route=%2Fwp%2Fv2%2Fcomments&post=55"}],"version-history":[{"count":15,"href":"https:\/\/transport-schaefer.de\/index.php?rest_route=\/wp\/v2\/pages\/55\/revisions"}],"predecessor-version":[{"id":578,"href":"https:\/\/transport-schaefer.de\/index.php?rest_route=\/wp\/v2\/pages\/55\/revisions\/578"}],"wp:attachment":[{"href":"https:\/\/transport-schaefer.de\/index.php?rest_route=%2Fwp%2Fv2%2Fmedia&parent=55"}],"curies":[{"name":"wp","href":"https:\/\/api.w.org\/{rel}","templated":true}]}}